07-11 10:46:43.240 1394 1491 D CameraHardware: CameraHardware::closeCamera
07-11 10:46:43.240 1394 1491 D CameraHardware: CameraHardware::releaseCamera
07-11 10:46:43.240 1410 1594 E CameraProviderManager: filterLogicalCameraIdsLocked: Failed to getCameraCharacteristics for id 0
07-11 10:46:43.240 1410 1594 I CameraService: disconnect: Disconnected client for camera 0 for PID 2696
07-11 10:46:43.240 2696 2772 D com.oney.WebRTCModule.WebRTCModule: CameraEventsHandler.onFirstFrameAvailable
07-11 10:46:43.240 2696 2772 I org.webrtc.Logging: Camera1Session: Stop done
07-11 10:47:19.783 2696 2722 D JitsiMeetSDK: [features/base/lastn] There is no active conference, not updating last N
07-11 10:47:19.788 2696 2722 I JitsiMeetSDK: [modules/RTC/JitsiLocalTrack.js] Mute LocalTrack[1,video]: false
07-11 10:47:19.788 2696 2720 I org.webrtc.Logging: CameraCapturer: startCapture: 1280x720@30
07-11 10:47:19.789 2696 2772 I org.webrtc.Logging: Camera1Enumerator: getCameraIndex: Camera 0, Facing back, Orientation 0
07-11 10:47:19.790 1394 1491 D Camera_Factory: CameraFactory::get_camera_info
07-11 10:47:19.791 1394 1491 D Camera_Factory: CameraFactory::getCameraInfo: id = 0, info = 0xe86041e0
07-11 10:47:19.791 1394 1491 D Camera_Factory: CameraFactory::getCameraNum: 1
07-11 10:47:19.796 2696 2772 I org.webrtc.Logging: Camera1Session: Open camera 0
07-11 10:47:19.796 2696 2772 D com.oney.WebRTCModule.WebRTCModule: CameraEventsHandler.onCameraOpening: cameraName=Camera 0, Facing back, Orientation 0
07-11 10:47:19.797 1410 1594 I CameraService: CameraService::connect call (PID -1 "org.jitsi.meet", camera ID 0) for HAL version default and Camera API version 1
07-11 10:47:19.800 1410 1594 E CameraProviderManager: filterLogicalCameraIdsLocked: Failed to getCameraCharacteristics for id 0
07-11 10:47:19.800 1394 1491 D Camera_Factory: CameraFactory::get_camera_info
07-11 10:47:19.800 1394 1491 D Camera_Factory: CameraFactory::getCameraInfo: id = 0, info = 0xe86041e0
07-11 10:47:19.800 1394 1491 D Camera_Factory: CameraFactory::getCameraNum: 1
07-11 10:47:19.811 1418 3114 E FileSource: Failed to open file '/product/media/audio/ui/camera_click.ogg'. (No such file or directory)
07-11 10:47:19.812 1410 1594 E CameraService: Failed to load CameraService sounds: /product/media/audio/ui/camera_click.ogg
07-11 10:47:19.856 1410 1594 E CameraService: Failed to load CameraService sounds: /product/media/audio/ui/VideoRecord.ogg
07-11 10:47:19.865 2696 2696 E org.jitsi.meet: No package ID ff found for ID 0xffffffff.
07-11 10:47:19.884 1410 1594 E CameraService: Failed to load CameraService sounds: /product/media/audio/ui/VideoStop.ogg
07-11 10:47:19.888 1410 1594 I CameraHardwareInterface: Opening camera 0
07-11 10:47:19.888 1394 1491 I CamDev@1.0-impl: Opening camera 0
07-11 10:47:19.888 1394 1491 D Camera_Factory: CameraFactory::get_camera_info
07-11 10:47:19.888 1394 1491 D Camera_Factory: CameraFactory::getCameraInfo: id = 0, info = 0xe86041e8
07-11 10:47:19.888 1394 1491 D Camera_Factory: CameraFactory::getCameraNum: 1
07-11 10:47:19.888 1394 1491 D Camera_Factory: CameraFactory::device_open: name = 0
07-11 10:47:19.888 1394 1491 D Camera_Factory: CameraFactory::cameraDeviceOpen: id = 0
07-11 10:47:19.888 1394 1491 D Camera_Factory: CameraFactory::getCameraNum: 1
07-11 10:47:19.888 1394 1491 D CameraHardware: CameraHardware::connectCamera: /dev/video0
07-11 10:47:19.888 1394 1491 D CameraHardware: CameraHardware::setCallbacks
07-11 10:47:19.888 1394 1491 D CameraHardware: CameraHardware::enableMsgType: 3085
07-11 10:47:19.888 1394 1491 D CameraHardware: CameraHardware::getParameters
07-11 10:47:19.888 1394 1491 D CameraHardware: CameraHardware::putParameters
07-11 10:47:19.889 1394 1491 D Camera_Factory: CameraFactory::get_camera_info
07-11 10:47:19.889 1394 1491 D Camera_Factory: CameraFactory::getCameraInfo: id = 0, info = 0xe86041e0
07-11 10:47:19.889 1394 1491 D Camera_Factory: CameraFactory::getCameraNum: 1
07-11 10:47:19.889 1394 1491 D CameraHardware: CameraHardware::isPreviewEnabled: 0
07-11 10:47:19.889 1394 1491 D Camera_Factory: CameraFactory::get_camera_info
07-11 10:47:19.889 1394 1491 D Camera_Factory: CameraFactory::getCameraInfo: id = 0, info = 0xe86041e0
07-11 10:47:19.889 1394 1491 D Camera_Factory: CameraFactory::getCameraNum: 1
07-11 10:47:19.889 1394 1491 D CameraHardware: CameraHardware::getParameters
07-11 10:47:19.889 1394 1491 D CameraHardware: CameraHardware::putParameters
07-11 10:47:19.889 2696 2772 I org.webrtc.Logging: Camera1Session: Available fps ranges: [[10.0:10.0], [15.0:15.0], [20.0:20.0], [30.0:30.0]]
07-11 10:47:19.890 1394 1491 D CameraHardware: Trivially accept it. No changes detected
07-11 10:47:19.890 2696 2772 I org.webrtc.Logging: Camera1Session: Create new camera1 session on camera 0
07-11 10:47:19.890 2696 2772 I org.webrtc.Logging: Camera1Session: Start capturing
07-11 10:47:19.890 1394 1491 D CameraHardware: CameraHardware::enableMsgType: 16
07-11 10:47:19.892 1394 1491 D CameraHardware: CameraHardware::isPreviewEnabled: 0
07-11 10:47:19.894 1394 1394 D CameraHardware: CameraHardware::setPreviewWindow: preview_stream_ops: 0xe95ce024
07-11 10:47:19.894 1410 1474 I CameraHardwareInterface: Destroying camera 0
07-11 10:47:19.902 1394 1491 D CameraHardware: CameraHardware::startPreview
07-11 10:47:19.902 1394 1491 D CameraHardware: CameraHardware::startPreviewLocked
07-11 10:47:19.902 1394 1491 D CameraHardware: CameraHardware::startPreviewLocked: Open, 1280x720
07-11 10:47:19.999 1394 1491 D V4L2Camera: Open /dev/video0 OK
07-11 10:47:19.999 1394 1491 D V4L2Camera: V4L2Camera::EnumFrameFormats
07-11 10:47:19.999 1394 1491 D V4L2Camera: { pixelformat = 'MJPG', description = 'Motion-JPEG' }
07-11 10:47:19.999 1394 1491 D V4L2Camera: V4L2Camera::EnumFrameSizes: pixfmt: 0x47504a4d
07-11 10:47:19.999 1394 1491 D V4L2Camera: { discrete: width = 1280, height = 720 }
07-11 10:47:19.999 1394 1491 D V4L2Camera: V4L2Camera::EnumFrameIntervals: pixfmt: 0x47504a4d, w:1280, h:720
07-11 10:47:19.999 1394 1491 D V4L2Camera: Time interval between frame:
07-11 10:47:19.999 1394 1491 D V4L2Camera: 1/30
07-11 10:47:19.999 1394 1491 D V4L2Camera: 1/30
07-11 10:47:19.999 1394 1491 D V4L2Camera: { discrete: width = 320, height = 180 }
07-11 10:47:19.999 1394 1491 D V4L2Camera: V4L2Camera::EnumFrameIntervals: pixfmt: 0x47504a4d, w:320, h:180
07-11 10:47:19.999 1394 1491 D V4L2Camera: Time interval between frame:
07-11 10:47:19.999 1394 1491 D V4L2Camera: 1/30
07-11 10:47:19.999 1394 1491 D V4L2Camera: { discrete: width = 320, height = 240 }
07-11 10:47:19.999 1394 1491 D V4L2Camera: V4L2Camera::EnumFrameIntervals: pixfmt: 0x47504a4d, w:320, h:240
07-11 10:47:19.999 1394 1491 D V4L2Camera: Time interval between frame:
07-11 10:47:19.999 1394 1491 D V4L2Camera: 1/30
07-11 10:47:19.999 1394 1491 D V4L2Camera: { discrete: width = 352, height = 288 }
07-11 10:47:19.999 1394 1491 D V4L2Camera: V4L2Camera::EnumFrameIntervals: pixfmt: 0x47504a4d, w:352, h:288
07-11 10:47:19.999 1394 1491 D V4L2Camera: Time interval between frame:
07-11 10:47:19.999 1394 1491 D V4L2Camera: 1/30
07-11 10:47:19.999 1394 1491 D V4L2Camera: { discrete: width = 424, height = 240 }
07-11 10:47:19.999 1394 1491 D V4L2Camera: V4L2Camera::EnumFrameIntervals: pixfmt: 0x47504a4d, w:424, h:240
07-11 10:47:20.000 1394 1491 D V4L2Camera: Time interval between frame:
07-11 10:47:20.000 1394 1491 D V4L2Camera: 1/30
07-11 10:47:20.000 1394 1491 D V4L2Camera: { discrete: width = 640, height = 360 }
07-11 10:47:20.000 1394 1491 D V4L2Camera: V4L2Camera::EnumFrameIntervals: pixfmt: 0x47504a4d, w:640, h:360
07-11 10:47:20.000 1394 1491 D V4L2Camera: Time interval between frame:
07-11 10:47:20.000 1394 1491 D V4L2Camera: 1/30
07-11 10:47:20.000 1394 1491 D V4L2Camera: { discrete: width = 640, height = 480 }
07-11 10:47:20.000 1394 1491 D V4L2Camera: V4L2Camera::EnumFrameIntervals: pixfmt: 0x47504a4d, w:640, h:480
07-11 10:47:20.000 1394 1491 D V4L2Camera: Time interval between frame:
07-11 10:47:20.000 1394 1491 D V4L2Camera: 1/30
07-11 10:47:20.000 1394 1491 D V4L2Camera: { discrete: width = 848, height = 480 }
07-11 10:47:20.000 1394 1491 D V4L2Camera: V4L2Camera::EnumFrameIntervals: pixfmt: 0x47504a4d, w:848, h:480
07-11 10:47:20.000 1394 1491 D V4L2Camera: Time interval between frame:
07-11 10:47:20.000 1394 1491 D V4L2Camera: 1/30
07-11 10:47:20.000 1394 1491 D V4L2Camera: { discrete: width = 960, height = 540 }
07-11 10:47:20.000 1394 1491 D V4L2Camera: V4L2Camera::EnumFrameIntervals: pixfmt: 0x47504a4d, w:960, h:540
07-11 10:47:20.000 1394 1491 D V4L2Camera: Time interval between frame:
07-11 10:47:20.000 1394 1491 D V4L2Camera: 1/30
07-11 10:47:20.000 1394 1491 D V4L2Camera: { discrete: width = 1280, height = 720 }
07-11 10:47:20.000 1394 1491 D V4L2Camera: V4L2Camera::EnumFrameIntervals: pixfmt: 0x47504a4d, w:1280, h:720
07-11 10:47:20.000 1394 1491 D V4L2Camera: Time interval between frame:
07-11 10:47:20.000 1394 1491 D V4L2Camera: 1/30
07-11 10:47:20.000 1394 1491 D V4L2Camera: 1/30
07-11 10:47:20.000 1394 1491 D V4L2Camera: { pixelformat = 'YUYV', description = 'YUYV 4:2:2' }
07-11 10:47:20.000 1394 1491 D V4L2Camera: V4L2Camera::EnumFrameSizes: pixfmt: 0x56595559
07-11 10:47:20.000 1394 1491 D V4L2Camera: { discrete: width = 1280, height = 720 }
07-11 10:47:20.000 1394 1491 D V4L2Camera: V4L2Camera::EnumFrameIntervals: pixfmt: 0x56595559, w:1280, h:720
07-11 10:47:20.000 1394 1491 D V4L2Camera: Time interval between frame:
07-11 10:47:20.000 1394 1491 D V4L2Camera: 1/10
07-11 10:47:20.000 1394 1491 D V4L2Camera: 1/10
07-11 10:47:20.000 1394 1491 D V4L2Camera: { discrete: width = 320, height = 180 }
07-11 10:47:20.000 1394 1491 D V4L2Camera: V4L2Camera::EnumFrameIntervals: pixfmt: 0x56595559, w:320, h:180
07-11 10:47:20.000 1394 1491 D V4L2Camera: Time interval between frame:
07-11 10:47:20.000 1394 1491 D V4L2Camera: 1/30
07-11 10:47:20.000 1394 1491 D V4L2Camera: { discrete: width = 320, height = 240 }
07-11 10:47:20.000 1394 1491 D V4L2Camera: V4L2Camera::EnumFrameIntervals: pixfmt: 0x56595559, w:320, h:240
07-11 10:47:20.000 1394 1491 D V4L2Camera: Time interval between frame:
07-11 10:47:20.000 1394 1491 D V4L2Camera: 1/30
07-11 10:47:20.000 1394 1491 D V4L2Camera: { discrete: width = 352, height = 288 }
07-11 10:47:20.000 1394 1491 D V4L2Camera: V4L2Camera::EnumFrameIntervals: pixfmt: 0x56595559, w:352, h:288
07-11 10:47:20.000 1394 1491 D V4L2Camera: Time interval between frame:
07-11 10:47:20.000 1394 1491 D V4L2Camera: 1/30
07-11 10:47:20.000 1394 1491 D V4L2Camera: { discrete: width = 424, height = 240 }
07-11 10:47:20.000 1394 1491 D V4L2Camera: V4L2Camera::EnumFrameIntervals: pixfmt: 0x56595559, w:424, h:240
07-11 10:47:20.000 1394 1491 D V4L2Camera: Time interval between frame:
07-11 10:47:20.000 1394 1491 D V4L2Camera: 1/30
07-11 10:47:20.000 1394 1491 D V4L2Camera: { discrete: width = 640, height = 360 }
07-11 10:47:20.000 1394 1491 D V4L2Camera: V4L2Camera::EnumFrameIntervals: pixfmt: 0x56595559, w:640, h:360
07-11 10:47:20.000 1394 1491 D V4L2Camera: Time interval between frame:
07-11 10:47:20.000 1394 1491 D V4L2Camera: 1/30
07-11 10:47:20.000 1394 1491 D V4L2Camera: { discrete: width = 640, height = 480 }
07-11 10:47:20.000 1394 1491 D V4L2Camera: V4L2Camera::EnumFrameIntervals: pixfmt: 0x56595559, w:640, h:480
07-11 10:47:20.000 1394 1491 D V4L2Camera: Time interval between frame:
07-11 10:47:20.000 1394 1491 D V4L2Camera: 1/30
07-11 10:47:20.000 1394 1491 D V4L2Camera: { discrete: width = 848, height = 480 }
07-11 10:47:20.000 1394 1491 D V4L2Camera: V4L2Camera::EnumFrameIntervals: pixfmt: 0x56595559, w:848, h:480
07-11 10:47:20.000 1394 1491 D V4L2Camera: Time interval between frame:
07-11 10:47:20.000 1394 1491 D V4L2Camera: 1/20
07-11 10:47:20.000 1394 1491 D V4L2Camera: { discrete: width = 960, height = 540 }
07-11 10:47:20.000 1394 1491 D V4L2Camera: V4L2Camera::EnumFrameIntervals: pixfmt: 0x56595559, w:960, h:540
07-11 10:47:20.000 1394 1491 D V4L2Camera: Time interval between frame:
07-11 10:47:20.000 1394 1491 D V4L2Camera: 1/15
07-11 10:47:20.000 1394 1491 D V4L2Camera: { discrete: width = 1280, height = 720 }
07-11 10:47:20.000 1394 1491 D V4L2Camera: V4L2Camera::EnumFrameIntervals: pixfmt: 0x56595559, w:1280, h:720
07-11 10:47:20.000 1394 1491 D V4L2Camera: Time interval between frame:
07-11 10:47:20.000 1394 1491 D V4L2Camera: 1/10
07-11 10:47:20.000 1394 1491 D V4L2Camera: 1/10
07-11 10:47:20.000 1394 1491 D CameraHardware: CameraHardware::startPreviewLocked: Init
07-11 10:47:20.000 1394 1491 D V4L2Camera: V4L2Camera::Init(1280, 720, 10)
07-11 10:47:20.000 1394 1491 D V4L2Camera: Trying format: (1280 x 720), Fps: 10 [difArea:0, difFps:0, cDifArea:-1, cDifFps:-1]
07-11 10:47:20.000 1394 1491 D V4L2Camera: Trying format: (1280 x 720), Fps: 30 [difArea:0, difFps:20, cDifArea:0, cDifFps:0]
07-11 10:47:20.000 1394 1491 D V4L2Camera: Selected format: (1280 x 720), Fps: 10
07-11 10:47:20.004 1394 1491 I V4L2Camera: Cropping from origin: 0x0 - size: 1280x720 (offset:0)
07-11 10:47:20.006 1394 1491 I V4L2Camera: Actual format: (1280 x 720), Fps: 10, pixfmt: 'YUYV', bytesperline: 2560
07-11 10:47:20.011 1394 1491 D CameraHardware: CameraHardware::startPreviewLocked: effective size: 1280x720
07-11 10:47:20.011 1394 1491 D CameraHardware: CameraHardware::initHeapLocked: preview size=1280x720
07-11 10:47:20.011 1394 1491 D CameraHardware: CameraHardware::initHeapLocked: picture size=1280x720
07-11 10:47:20.011 1394 1491 D CameraHardware: CameraHardware::initHeapLocked: video size=1280x720
07-11 10:47:20.011 1394 1491 D CameraHardware: CameraHardware::initHeapLocked: OK
07-11 10:47:20.011 1394 1491 D CameraHardware: CameraHardware::startPreviewLocked: StartStreaming
07-11 10:47:20.282 1394 1491 D CameraHardware: CameraHardware::setPreviewWindow - Negotiating preview format
07-11 10:47:20.282 1394 1491 D CameraHardware: CameraHardware::NegotiatePreviewFormat
07-11 10:47:20.282 1394 1491 D CameraHardware: Trying to set preview window geometry to 1280x720
07-11 10:47:20.283 1394 1491 D CameraHardware: CameraHardware::startPreviewLocked: starting PreviewThread
07-11 10:47:20.283 1394 1491 D CameraHardware: CameraHardware::startPreviewLocked: O - this:0x0xe95da000
07-11 10:47:20.283 2696 2772 I org.webrtc.Logging: CameraCapturer: Create session done. Switch state: IDLE
07-11 10:47:21.081 1394 1394 I CameraPreviewTh: type=1400 audit(0.0:692): avc: denied { map } for path=2F69393135202864656C6574656429 dev="tmpfs" ino=36923 scontext=u:r:hal_camera_default:s0 tcontext=u:object_r:untrusted_app_tmpfs:s0:c80,c256,c512,c768 tclass=file permissive=1
07-11 10:47:21.086 1410 1474 E CameraHardwareInterface: dataCallback: memory pool ID 9 not found
07-11 10:47:21.193 1410 1474 E CameraHardwareInterface: dataCallback: memory pool ID 9 not found
07-11 10:47:21.301 1410 1474 E CameraHardwareInterface: dataCallback: memory pool ID 9 not found
07-11 10:47:21.417 1410 1474 E CameraHardwareInterface: dataCallback: memory pool ID 9 not found
07-11 10:47:21.525 1410 1474 E CameraHardwareInterface: dataCallback: memory pool ID 9 not found
07-11 10:47:21.638 1410 1474 E CameraHardwareInterface: dataCallback: memory pool ID 9 not found
07-11 10:47:21.743 1410 1474 E CameraHardwareInterface: dataCallback: memory pool ID 9 not found
07-11 10:47:21.848 1410 1474 E CameraHardwareInterface: dataCallback: memory pool ID 9 not found
07-11 10:47:21.952 1410 1474 E CameraHardwareInterface: dataCallback: memory pool ID 9 not found
07-11 10:47:22.057 1410 1474 E CameraHardwareInterface: dataCallback: memory pool ID 9 not found
07-11 10:47:22.162 1410 1474 E CameraHardwareInterface: dataCallback: memory pool ID 9 not found
07-11 10:47:22.267 1410 1474 E CameraHardwareInterface: dataCallback: memory pool ID 9 not found